 151141
List the prime factors of 18684747.
3, 43, 48281
List the prime factors of 3778352.
2, 17, 29, 479
What are the prime factors of 660672?
2, 3, 31, 37
List the prime factors of 200173.
47, 4259
What are the prime factors of 181141?
181141
What are the prime factors of 157461?
3, 73, 719
What are the prime factors of 1223747?
7, 174821
What are the prime factors of 32248?
2, 29, 139
What are the prime factors of 333799?
23, 631
List the prime factors of 9906599.
9906599
List the prime factors of 1140207.
3, 17, 79, 283
List the prime factors of 1190804.
2, 41, 53, 137
List the prime factors of 5140456.
2, 642557
List the prime factors of 10403222.
2, 19, 23, 11903
What are the prime factors of 728920?
2, 5, 18223
List the prime factors of 6894232.
2, 41, 21019
What are the prime factors of 7572706?
2, 3786353
What are the prime factors of 7467332?
2, 1866833
What are the prime factors of 693391?
47, 14753
List the prime factors of 8971.
8971
What are the prime factors of 622188?
2, 3, 7, 823
List the prime factors of 543699.
3, 13, 1549
List the prime factors of 445756.
2, 111439
What are the prime factors of 6521497?
6521497
What are the prime factors of 966110?
2, 5, 17, 5683
List the prime factors of 80772.
2, 3, 53, 127
What are the prime factors of 310773?
3, 103591
List the prime factors of 504228.
2, 3, 42019
What are the prime factors of 19785613?
523, 37831
What are the prime factors of 538822?
2, 41, 6571
What are the prime factors of 765117?
3, 151, 563
List the prime factors of 35871426.
2, 3, 37, 53861
List the prime factors of 168816.
2, 3, 3517
What are the prime factors of 2312088?
2, 3, 96337
What are the prime factors of 239437?
11, 21767
List the prime factors of 121705.
5, 101, 241
What are the prime factors of 5004015?
3, 5, 271, 1231
What are the prime factors of 26723663?
5011, 5333
List the prime factors of 363367.
363367
List the prime factors of 354025.
5, 7, 17
List the prime factors of 2899022.
2, 7, 207073
What are the prime factors of 440607?
3, 227, 647
What are the prime factors of 1331898?
2, 3, 139, 1597
List the prime factors of 30556575.
3, 5, 7, 29, 223
What are the prime factors of 743646?
2, 3, 123941
What are the prime factors of 2568661?
151, 17011
What are the prime factors of 1059953?
19, 55787
List the prime factors of 2268505.
5, 19, 23879
List the prime factors of 9760040.
2, 5, 17, 31, 463
List the prime factors of 338555.
5, 7, 17, 569
What are the prime factors of 2760259?
2760259
List the prime factors of 269881.
73, 3697
What are the prime factors of 3611354?
2, 1805677
What are the prime factors of 73914?
2, 3, 97, 127
What are the prime factors of 498667?
13, 89, 431
What are the prime factors of 15559172?
2, 41, 94873
List the prime factors of 73653.
3, 24551
List the prime factors of 17745614.
2, 2417, 3671
What are the prime factors of 17677677?
3, 5892559
List the prime factors of 3856088.
2, 19, 23, 1103
What are the prime factors of 10611615?
3, 5, 7, 101063
What are the prime factors of 7642834?
2, 29, 313, 421
List the prime factors of 85215.
3, 5, 13, 19, 23
List the prime factors of 9986429.
17, 587437
List the prime factors of 529619.
529619
List the prime factors of 12934710.
2, 3, 5, 143719
List the prime factors of 3906007.
7, 137, 4073
List the prime factors of 680838.
2, 3, 53, 2141
What are the prime factors of 339134?
2, 169567
List the prime factors of 48996.
2, 3, 1361
List the prime factors of 19359982.
2, 449, 21559
List the prime factors of 2382784.
2, 31, 1201
List the prime factors of 95278.
2, 47639
What are the prime factors of 322725?
3, 5, 13, 331
What are the prime factors of 62965?
5, 7, 257
What are the prime factors of 1243637?
97, 12821
What are the prime factors of 10924?
2, 2731
What are the prime factors of 825412?
2, 7, 41, 719
List the prime factors of 5878983.
3, 11, 178151
What are the prime factors of 21494018?
2, 7, 13, 17, 6947
What are the prime factors of 283287?
3, 89, 1061
List the prime factors of 184330.
2, 5, 18433
What are the prime factors of 4332696?
2, 3, 73, 2473
List the prime factors of 2186716.
2, 7, 29, 2693
List the prime factors of 126989.
126989
What are the prime factors of 4255923?
3, 7, 41, 4943
What are the prime factors of 930618?
2, 3, 13, 41, 97
What are the prime factors of 1137308?
2, 157, 1811
List the prime factors of 141959.
141959
List the prime factors of 11216737.
7, 228913
List the prime factors of 33370059.
3, 1699, 6547
What are the prime factors of 823546?
2, 31, 37, 359
What are the prime factors of 3318306?
2, 3, 553051
What are the prime factors of 3844334?
2, 13, 147859
List the prime factors of 735363.
3, 81707
List the prime factors of 747239.
747239
What are the prime factors of 535594?
2, 267797
List the prime factors of 65591.
107, 613
What are the prime factors of 8828663?
8828663
List the prime factors of 1458506.
2, 7, 104179
What are the prime factors of 4436033?
7, 23, 59, 467
List the prime factors of 5039899.
1319, 3821
What are the prime factors of 177598?
2, 88799
List the prime factors of 1045265.
5, 13, 1237
What are the prime factors of 6154060?
2, 5, 11, 2543
What are the prime factors of 23728868?
2, 5932217
List the prime factors of 547314.
2, 3, 19, 4801
List the prime factors of 2515880.
2, 5, 62897
List the prime factors of 10013502.
2, 3, 53, 31489
What are the prime factors of 2841856?
2, 17, 653
What are the prime factors of 289277?
59, 4903
List the prime factors of 737957.
11, 73, 919
What are the prime factors of 2004811?
2004811
What are the prime factors of 671944?
2, 7, 13, 71
What are the prime factors of 4068526?
2, 7, 11, 29, 911
What are the prime factors of 2783749?
2783749
List the prime factors of 102597.
3, 11, 3109
What are the prime factors of 12762708?
2, 3, 7, 151937
List the prime factors of 25877233.
25877233
What are the prime factors of 364801?
364801
List the prime factors of 23315.
5, 4663
What are the prime factors of 2045586?
2, 3, 340931
What are the prime factors of 1442983?
1442983
List the prime factors of 106210.
2, 5, 13, 19, 43
List the prime factors of 2657677.
11, 359, 673
List the prime factors of 8456395.
5, 17, 99487
List the prime factors of 7019600.
2, 5, 7, 23, 109
What are the prime factors of 1260121?
1260121
What are the prime factors of 1467915?
3, 5, 97861
What are the prime factors of 21451385?
5, 4290277
List the prime factors of 1036364.
2, 7, 37013
What are the prime factors of 4691881?
17, 29, 31, 307
What are the prime factors of 16471366?
2, 19, 107, 4051
What are the prime factors of 726943?
7, 29, 3581
What are the prime factors of 2490213?
3, 11, 59, 1279
List the prime factors of 11494366.
2, 13, 31, 1097
List the prime factors of 19851989.
79, 251291
List the prime factors of 25285162.
2, 7, 19, 5003
What are the prime factors of 1638408?
2, 3, 19, 3593
What are the prime factors of 212093?
7, 41, 739
List the prime factors of 16162.
2, 8081
List the prime factors of 10170438.
2, 3, 1695073
List the prime factors of 1371151.
1371151
What are the prime factors of 400077?
3, 44453
List the prime factors of 229216.
2, 13, 19, 29
List the prime factors of 730498.
2, 365249
What are the prime factors of 1641991?
13, 126307
List the prime factors of 16757924.
2, 19, 311, 709
What are the prime factors of 623928?
2, 3, 25997
What are the prime factors of 287828?
2, 47, 1531
List the prime factors of 36816.
2, 3, 13, 59
List the prime factors of 419679.
3, 13, 17, 211
What are the prime factors of 126578?
2, 19, 3331
What are the prime factors of 680717?
29, 23473
What are the prime factors of 1027611?
3, 13, 8783
What are the prime factors of 1581445?
5, 211, 1499
What are the prime factors of 5528060?
2, 5, 17, 71, 229
What are the prime factors of 169876?
2, 7, 6067
List the prime factors of 1221947.
19, 73, 881
List the prime factors of 122748.
2, 3, 53, 193
List the prime factors of 145120.
2, 5, 907
What are the prime factors of 15185486?
2, 577, 13159
List the prime factors of 19691.
7, 29, 97
What are the prime factors of 222140?
2, 5, 29, 383
What are the prime factors of 3614080?
2, 5, 5647
List the prime factors of 304617.
3, 59, 1721
List the prime factors of 2760289.
7, 394327
List the prime factors of 25918.